ltiple of 10?
False
Is 235 a factor of 19035?
True
Is 5488 a multiple of 7?
True
Is 30 a factor of 5018?
False
Is 18 a factor of 20106?
True
Is 7 a factor of 868?
True
Is 78 a factor of 1675?
False
Is 60 a factor of 22598?
False
Is 4936 a multiple of 19?
False
Is 28 a factor of 12908?
True
Is 360 a multiple of 30?
True
Is 6 a factor of 223?
False
Does 48 divide 3600?
True
Is 61 a factor of 2379?
True
Is 49350 a multiple of 141?
True
Does 187 divide 561?
True
Is 34 a factor of 5943?
False
Is 1549 a multiple of 6?
False
Is 983 a multiple of 34?
False
Is 55 a factor of 770?
True
Does 16 divide 5696?
True
Is 109742 a multiple of 69?
False
Does 49 divide 637?
True
Is 2 a factor of 362?
True
Does 3 divide 4257?
True
Is 15 a factor of 960?
True
Does 2 divide 22733?
False
Is 4020 a multiple of 30?
True
Does 7 divide 135?
False
Is 18 a multiple of 4?
False
Does 35 divide 595?
True
Is 49 a factor of 7252?
True
Does 268 divide 20016?
False
Is 2610 a multiple of 6?
True
Does 27 divide 9612?
True
Is 6335 a multiple of 12?
False
Is 5 a factor of 475?
True
Does 20 divide 654?
False
Is 417 a multiple of 18?
False
Is 25728 a multiple of 67?
True
Is 233 a multiple of 9?
False
Is 42 a factor of 1927?
False
Is 43 a factor of 4042?
True
Does 58 divide 1624?
True
Is 90450 a multiple of 90?
True
Does 2 divide 1517?
False
Is 4 a factor of 4?
True
Does 15 divide 619?
False
Does 15 divide 473?
False
Does 18 divide 18?
True
Does 19 divide 6536?
True
Is 45 a multiple of 15?
True
Is 199 a multiple of 18?
False
Is 17 a factor of 14926?
True
Does 10 divide 3701?
False
Is 2436 a multiple of 12?
True
Is 1110 a multiple of 222?
True
Is 1326 a multiple of 31?
False
Does 92 divide 2576?
True
Does 9 divide 6710?
False
Is 21780 a multiple of 198?
True
Is 24 a factor of 42600?
True
Does 6 divide 504?
True
Does 212 divide 137950?
False
Is 170 a multiple of 160?
False
Does 10 divide 13970?
True
Is 687 a multiple of 17?
False
Does 107 divide 1070?
True
Is 20 a factor of 7740?
True
Does 13 divide 897?
True
Does 11 divide 10614?
False
Does 109 divide 18748?
True
Is 3 a factor of 22?
False
Is 68 a factor of 4937?
False
Does 79 divide 21947?
False
Does 4 divide 6201?
False
Is 21 a factor of 709?
False
Is 17 a factor of 970?
False
Does 133 divide 36176?
True
Is 55936 a multiple of 38?
True
Does 54 divide 3031?
False
Is 5964 even?
True
Does 19 divide 3952?
True
Does 4 divide 832?
True
Is 3 a factor of 426?
True
Is 4968 a multiple of 27?
True
Does 55 divide 1968?
False
Does 204 divide 1020?
True
Does 17 divide 806?
False
Does 31 divide 775?
True
Is 12 a factor of 248?
False
Is 1022 a multiple of 30?
False
Is 10 a factor of 35790?
True
Is 32928 a multiple of 200?
False
Does 27 divide 1633?
False
Does 98 divide 38612?
True
Is 2790 a multiple of 6?
True
Does 78 divide 21450?
True
Does 12 divide 2580?
True
Is 34 a factor of 15662?
False
Is 35125 a multiple of 281?
True
Is 10 a factor of 631?
False
Is 63 a factor of 6919?
False
Does 21 divide 968?
False
Is 61798 a multiple of 11?
True
Is 1792 a multiple of 128?
True
Does 109 divide 41813?
False
Does 37 divide 33771?
False
Does 34 divide 2856?
True
Is 14821 a multiple of 112?
False
Is 1398 a multiple of 3?
True
Is 34 even?
True
Is 473 a multiple of 2?
False
Does 187 divide 2820?
False
Is 41 a factor of 6921?
False
Is 46 a factor of 15640?
True
Does 11 divide 1525?
False
Is 8299 a multiple of 193?
True
Does 73 divide 1241?
True
Does 73 divide 1971?
True
Does 35 divide 8365?
True
Is 4536 a multiple of 27?
True
Does 18 divide 12418?
False
Is 4048 a multiple of 11?
True
Is 112 a factor of 10551?
False
Is 1292 a multiple of 34?
True
Does 9 divide 531?
True
Does 26 divide 14144?
True
Is 3354 a multiple of 78?
True
Does 17 divide 2979?
False
Is 13555 a multiple of 49?
False
Is 2075 even?
False
Is 72 a factor of 1872?
True
Is 30604 a multiple of 28?
True
Does 31 divide 7471?
True
Is 172 a factor of 39560?
True
Is 316 a multiple of 6?
False
Does 167 divide 12619?
False
Is 10496 a multiple of 128?
True
Is 29472 a multiple of 24?
True
Does 120 divide 26040?
True
Is 195 a multiple of 4?
False
Does 16 divide 313?
False
Does 5 divide 9885?
True
Does 17 divide 663?
True
Is 4 a factor of 13320?
True
Is 1288 a multiple of 7?
True
Does 31 divide 15841?
True
Is 3 a factor of 12585?
True
Is 136 a factor of 82688?
True
Is 14 a factor of 2605?
False
Is 12342 a multiple of 34?
True
Is 122 a factor of 9638?
True
Does 181 divide 4300?
False
Is 5 a factor of 1000?
True
Does 116 divide 9164?
True
Is 641 even?
False
Is 14 a factor of 1596?
True
Does 15 divide 2356?
False
Is 56 a factor of 81816?
True
Is 40 a multiple of 4?
True
Is 2187 a multiple of 51?
False
Does 22 divide 20733?
False
Is 21 a factor of 6791?
False
Is 43 a factor of 3830?
False
Is 10389 a multiple of 3?
True
Does 5 divide 186?
False
Does 2 divide 6372?
True
Is 9779 a multiple of 11?
True
Does 69 divide 7866?
True
Is 3040 a multiple of 32?
True
Is 53261 a multiple of 241?
True
Does 9 divide 1998?
True
Is 468 a multiple of 4?
True
Is 15 a factor of 5135?
False
Is 2130 a multiple of 142?
True
Is 763 a multiple of 22?
False
Is 14 a factor of 284?
False
Does 8 divide 76?
False
Is 892 a multiple of 11?
False
Is 69 a factor of 1587?
True
Is 3807 a multiple of 9?
True
Is 20 a factor of 23360?
True
Does 14 divide 490?
True
Is 361 a multiple of 12?
False
Is 3 a factor of 6?
True
Is 456 a multiple of 35?
False
Is 35 a factor of 22855?
True
Is 137 a factor of 44388?
True
Is 4486 a multiple of 87?
False
Is 1397 even?
False
Is 5684 a multiple of 29?
True
Is 12 a factor of 6900?
True
Is 45 a factor of 8415?
True
Does 29 divide 18910?
False
Does 7 divide 7222?
False
Is 130030 a multiple of 35?
False
Is 7473 a multiple of 53?
True
Is 598 a multiple of 10?
False
Does 62 divide 1486?
False
Is 6 a factor of 661?
False
Is 18 a factor of 87318?
True
Is 4533 a multiple of 20?
False
Does 27 divide 1134?
True
Does 11 divide 19492?
True
Is 32802 a multiple of 154?
True
Does 9 divide 6749?
False
Is 100 a factor of 6900?
True
Is 93 even?
False
Is 1124 a multiple of 21?
False
Is 49 a factor of 539?
True
Does 11 divide 194?
False
Is 20 a factor of 155?
False
Does 381 divide 163830?
True
Is 7 a factor of 372?
False
Is 4233 a multiple of 45?
False
Is 77 a factor of 34573?
True
Does 53 divide 32436?
True
Does 6 divide 672?
True
Is 8 a factor of 1936?
True
Does 56 divide 13146?
False
Does 16 divide 9475?
False
Does 4 divide 1840?
True
Does 26 divide 1638?
True
Does 8 divide 16?
True
Is 10 a factor of 2150?
True
Is 26910 a multiple of 69?
True
Is 22 a factor of 53438?
True
Is 46 a factor of 3036?
True
Does 18 divide 1440?
True
Does 38 divide 4560?
True
Is 19 a factor of 475?
True
Is 5 a factor of 39?
False
Does 69 divide 36846?
True
Is 19678 a multiple of 129?
False
Is 22 a factor of 880?
True
Is 133 a factor of 37332?
False
Is 25 a factor of 275?
True
Is 21 a factor of 31017?
True
Is 35820 a multiple of 9?
True
Is 8 a factor of 2802?
False
Is 30 a factor of 26160?
True
Is 5 a factor of 275?
True
Is 11 a factor of 178?
False
Is 25 a factor of 2667?
False
Does 244 divide 15616?
True
Does 91 divide 6825?
True
Does 31 divide 13687?
False
Is 1660 a multiple of 57?
False
Is 6 a factor of 3690?
True
Does 18 divide 2122?
False
Is 5 a factor of 715?
True
Is 774 a multiple of 8?
False
Is 112 a factor of 4480?
True
Does 39 divide 5772?
True
Is 45 a factor of 1698?
False
Is 11877 a multiple of 111?
True
Is 20 a factor of 14680?
True
Is 49 a factor of 3626?
True
Is 3002 a multiple of 38?
True
Is 2381 a multiple of 2?
False
Is 10886 a multiple of 26?
False
Is 4 a factor of 1388?
True
Is 49041 a multiple of 63?
False
Is 10002 a multiple of 31?
False
Does 15 divide 13005?
True
Is 1911 a multiple of 159?
False
Is 8215 a multiple of 30?
False
Is 20 a factor of 26300?
True
Is 129996 a multiple of 314?
True
Is 8 a factor of 384?
True
Is 8 a factor of 55162?
False
Does 71 divide 3408?
True
Is 526 a multiple of 4?
False
Is 38715 a multiple of 89?
True
Is 6 a factor of 426?
True
Is 882 a multiple of 21?
True
Does 92 divide 12972?
True
Is 25486 a multiple of 21?
False
Does 14 divide 33?
False
Is 20 a factor of 3290?
False
Is 1116 a multiple of 15?
False
Is 23 a factor of 126?
False
Does 19 divide 17708?
True
Does 28 divide 516?
False
Is 12513 a multiple of 26